{"version":"1.0","provider_name":"Karate Canada","provider_url":"https:\/\/karatecanada.org\/fr\/","author_name":"Chris Bright","author_url":"https:\/\/karatecanada.org\/fr\/author\/chrisbright\/","title":"CONVOCATION \u00c0 L\u2019ASSEMBL\u00c9E ANNUELLE 2020 - Karate Canada","type":"rich","width":600,"height":338,"html":"<blockquote class=\"wp-embedded-content\" data-secret=\"p9hjUwwIrj\"><a href=\"https:\/\/karatecanada.org\/fr\/convocation-a-lassemblee-annuelle-2020\/\">CONVOCATION \u00c0 L\u2019ASSEMBL\u00c9E ANNUELLE 2020<\/a><\/blockquote><iframe sandbox=\"allow-scripts\" security=\"restricted\" src=\"https:\/\/karatecanada.org\/fr\/convocation-a-lassemblee-annuelle-2020\/embed\/#?secret=p9hjUwwIrj\" width=\"600\" height=\"338\" title=\"\u00ab\u00a0CONVOCATION \u00c0 L\u2019ASSEMBL\u00c9E ANNUELLE 2020\u00a0\u00bb &#8212; Karate Canada\" data-secret=\"p9hjUwwIrj\" frameborder=\"0\" marginwidth=\"0\" marginheight=\"0\" scrolling=\"no\" class=\"wp-embedded-content\"><\/iframe><script>\n\/*! This file is auto-generated *\/\n!function(d,l){\"use strict\";l.querySelector&&d.addEventListener&&\"undefined\"!=typeof URL&&(d.wp=d.wp||{},d.wp.receiveEmbedMessage||(d.wp.receiveEmbedMessage=function(e){var t=e.data;if((t||t.secret||t.message||t.value)&&!\/[^a-zA-Z0-9]\/.test(t.secret)){for(var s,r,n,a=l.querySelectorAll('iframe[data-secret=\"'+t.secret+'\"]'),o=l.querySelectorAll('blockquote[data-secret=\"'+t.secret+'\"]'),c=new RegExp(\"^https?:$\",\"i\"),i=0;i<o.length;i++)o[i].style.display=\"none\";for(i=0;i<a.length;i++)s=a[i],e.source===s.contentWindow&&(s.removeAttribute(\"style\"),\"height\"===t.message?(1e3<(r=parseInt(t.value,10))?r=1e3:~~r<200&&(r=200),s.height=r):\"link\"===t.message&&(r=new URL(s.getAttribute(\"src\")),n=new URL(t.value),c.test(n.protocol))&&n.host===r.host&&l.activeElement===s&&(d.top.location.href=t.value))}},d.addEventListener(\"message\",d.wp.receiveEmbedMessage,!1),l.addEventListener(\"DOMContentLoaded\",function(){for(var e,t,s=l.querySelectorAll(\"iframe.wp-embedded-content\"),r=0;r<s.length;r++)(t=(e=s[r]).getAttribute(\"data-secret\"))||(t=Math.random().toString(36).substring(2,12),e.src+=\"#?secret=\"+t,e.setAttribute(\"data-secret\",t)),e.contentWindow.postMessage({message:\"ready\",secret:t},\"*\")},!1)))}(window,document);\n\/\/# sourceURL=https:\/\/karatecanada.org\/wp-includes\/js\/wp-embed.min.js\n<\/script>\n","thumbnail_url":"https:\/\/karatecanada.org\/wp-content\/uploads\/2018\/05\/gni-4a.jpg","thumbnail_width":768,"thumbnail_height":492,"description":"Vous pouvez cliquer ici afin de lire l\u2019avis de convocation \u00e0 l\u2019Assembl\u00e9e g\u00e9n\u00e9rale annuelle 2020 de Karat\u00e9 Canada, qui aura lieu le 25 septembre 2020, de 18h00 \u00e0 20h00 (Heure de l\u2019Est), via visioconf\u00e9rence. Vous pouvez aussi cliquer ici afin de lire l\u2019ordre du jour de cette r\u00e9union."}

CONVOCATION À L’ASSEMBLÉE ANNUELLE 2020 - Karate Canada

<blockquote class="wp-embedded-content" data-secret="p9hjUwwIrj"><a href="https://karatecanada.org/fr/convocation-a-lassemblee-annuelle-2020/">CONVOCATION À L’ASSEMBLÉE ANNUELLE 2020</a></blockquote><iframe sandbox="allow-scripts" security="restricted" src="https://karatecanada.org/fr/convocation-a-lassemblee-annuelle-2020/embed/#?secret=p9hjUwwIrj" width="600" height="338" title="« CONVOCATION À L’ASSEMBLÉE ANNUELLE 2020 » &#8212; Karate Canada" data-secret="p9hjUwwIrj" frameborder="0" marginwidth="0" marginheight="0" scrolling="no" class="wp-embedded-content"></iframe><script>
/*! This file is auto-generated */
!function(d,l){"use strict";l.querySelector&&d.addEventListener&&"undefined"!=typeof URL&&(d.wp=d.wp||{},d.wp.receiveEmbedMessage||(d.wp.receiveEmbedMessage=function(e){var t=e.data;if((t||t.secret||t.message||t.value)&&!/[^a-zA-Z0-9]/.test(t.secret)){for(var s,r,n,a=l.querySelectorAll('iframe[data-secret="'+t.secret+'"]'),o=l.querySelectorAll('blockquote[data-secret="'+t.secret+'"]'),c=new RegExp("^https?:$","i"),i=0;i<o.length;i++)o[i].style.display="none";for(i=0;i<a.length;i++)s=a[i],e.source===s.contentWindow&&(s.removeAttribute("style"),"height"===t.message?(1e3<(r=parseInt(t.value,10))?r=1e3:~~r<200&&(r=200),s.height=r):"link"===t.message&&(r=new URL(s.getAttribute("src")),n=new URL(t.value),c.test(n.protocol))&&n.host===r.host&&l.activeElement===s&&(d.top.location.href=t.value))}},d.addEventListener("message",d.wp.receiveEmbedMessage,!1),l.addEventListener("DOMContentLoaded",function(){for(var e,t,s=l.querySelectorAll("iframe.wp-embedded-content"),r=0;r<s.length;r++)(t=(e=s[r]).getAttribute("data-secret"))||(t=Math.random().toString(36).substring(2,12),e.src+="#?secret="+t,e.setAttribute("data-secret",t)),e.contentWindow.postMessage({message:"ready",secret:t},"*")},!1)))}(window,document);
//# sourceURL=https://karatecanada.org/wp-includes/js/wp-embed.min.js
</script>

Vous pouvez cliquer ici afin de lire l’avis de convocation à l’Assemblée générale annuelle 2020 de Karaté Canada, qui aura lieu le 25 septembre 2020, de 18h00 à 20h00 (Heure de l’Est), via visioconférence. Vous pouvez aussi cliquer ici afin de lire l’ordre du jour de cette réunion.
