{"id":13077,"date":"2021-11-05T17:49:19","date_gmt":"2021-11-05T21:49:19","guid":{"rendered":"https:\/\/karatecanada.org\/?post_type=athletes&#038;p=13077"},"modified":"2022-05-09T11:10:14","modified_gmt":"2022-05-09T15:10:14","slug":"valeria-diaz","status":"publish","type":"athletes","link":"https:\/\/karatecanada.org\/fr\/valeria-diaz\/","title":{"rendered":"Valeria Diaz"},"content":{"rendered":"<h6>Plus sur Valeria<\/h6>\n<p><strong>Cat\u00e9gorie :<\/strong> Kumit\u00e9 f\u00e9minin +68kg<\/p>\n","protected":false},"excerpt":{"rendered":"<p>Plus sur Valeria Cat\u00e9gorie : Kumit\u00e9 f\u00e9minin +68kg<\/p>\n","protected":false},"author":20,"featured_media":13388,"parent":0,"template":"","athletes-category":[206,166,209],"athletes-tags":[],"class_list":["post-13077","athletes","type-athletes","status-publish","has-post-thumbnail","hentry","athletes-category-equipe-championnat-panamericain-senior","athletes-category-equipe-senior","athletes-category-senior-pan-american-championship-team-fr"],"acf":[],"yoast_head":"<!-- This site is optimized with the Yoast SEO plugin v27.3 - https:\/\/yoast.com\/product\/yoast-seo-wordpress\/ -->\n<title>Valeria Diaz - Karate Canada<\/title>\n<meta name=\"robots\" content=\"index, follow, max-snippet:-1, max-image-preview:large, max-video-preview:-1\" \/>\n<link rel=\"canonical\" href=\"https:\/\/karatecanada.org\/fr\/valeria-diaz\/\" \/>\n<meta property=\"og:locale\" content=\"fr_FR\" \/>\n<meta property=\"og:type\" content=\"article\" \/>\n<meta property=\"og:title\" content=\"Valeria Diaz - Karate Canada\" \/>\n<meta property=\"og:description\" content=\"Plus sur Valeria Cat\u00e9gorie : Kumit\u00e9 f\u00e9minin +68kg\" \/>\n<meta property=\"og:url\" content=\"https:\/\/karatecanada.org\/fr\/valeria-diaz\/\" \/>\n<meta property=\"og:site_name\" content=\"Karate Canada\" \/>\n<meta property=\"article:modified_time\" content=\"2022-05-09T15:10:14+00:00\" \/>\n<meta property=\"og:image\" content=\"https:\/\/karatecanada.org\/wp-content\/uploads\/2022\/05\/Valeria-Diaz.png\" \/>\n\t<meta property=\"og:image:width\" content=\"580\" \/>\n\t<meta property=\"og:image:height\" content=\"580\" \/>\n\t<meta property=\"og:image:type\" content=\"image\/png\" \/>\n<meta name=\"twitter:card\" content=\"summary_large_image\" \/>\n<script type=\"application\/ld+json\" class=\"yoast-schema-graph\">{\"@context\":\"https:\\\/\\\/schema.org\",\"@graph\":[{\"@type\":\"WebPage\",\"@id\":\"https:\\\/\\\/karatecanada.org\\\/fr\\\/valeria-diaz\\\/\",\"url\":\"https:\\\/\\\/karatecanada.org\\\/fr\\\/valeria-diaz\\\/\",\"name\":\"Valeria Diaz - Karate Canada\",\"isPartOf\":{\"@id\":\"https:\\\/\\\/karatecanada.org\\\/fr\\\/#website\"},\"primaryImageOfPage\":{\"@id\":\"https:\\\/\\\/karatecanada.org\\\/fr\\\/valeria-diaz\\\/#primaryimage\"},\"image\":{\"@id\":\"https:\\\/\\\/karatecanada.org\\\/fr\\\/valeria-diaz\\\/#primaryimage\"},\"thumbnailUrl\":\"https:\\\/\\\/karatecanada.org\\\/wp-content\\\/uploads\\\/2022\\\/05\\\/Valeria-Diaz.png\",\"datePublished\":\"2021-11-05T21:49:19+00:00\",\"dateModified\":\"2022-05-09T15:10:14+00:00\",\"breadcrumb\":{\"@id\":\"https:\\\/\\\/karatecanada.org\\\/fr\\\/valeria-diaz\\\/#breadcrumb\"},\"inLanguage\":\"fr-FR\",\"potentialAction\":[{\"@type\":\"ReadAction\",\"target\":[\"https:\\\/\\\/karatecanada.org\\\/fr\\\/valeria-diaz\\\/\"]}]},{\"@type\":\"ImageObject\",\"inLanguage\":\"fr-FR\",\"@id\":\"https:\\\/\\\/karatecanada.org\\\/fr\\\/valeria-diaz\\\/#primaryimage\",\"url\":\"https:\\\/\\\/karatecanada.org\\\/wp-content\\\/uploads\\\/2022\\\/05\\\/Valeria-Diaz.png\",\"contentUrl\":\"https:\\\/\\\/karatecanada.org\\\/wp-content\\\/uploads\\\/2022\\\/05\\\/Valeria-Diaz.png\",\"width\":580,\"height\":580},{\"@type\":\"BreadcrumbList\",\"@id\":\"https:\\\/\\\/karatecanada.org\\\/fr\\\/valeria-diaz\\\/#breadcrumb\",\"itemListElement\":[{\"@type\":\"ListItem\",\"position\":1,\"name\":\"Home\",\"item\":\"https:\\\/\\\/karatecanada.org\\\/fr\\\/\"},{\"@type\":\"ListItem\",\"position\":2,\"name\":\"Valeria Diaz\"}]},{\"@type\":\"WebSite\",\"@id\":\"https:\\\/\\\/karatecanada.org\\\/fr\\\/#website\",\"url\":\"https:\\\/\\\/karatecanada.org\\\/fr\\\/\",\"name\":\"Karate Canada\",\"description\":\"Just another WordPress site\",\"potentialAction\":[{\"@type\":\"SearchAction\",\"target\":{\"@type\":\"EntryPoint\",\"urlTemplate\":\"https:\\\/\\\/karatecanada.org\\\/fr\\\/?s={search_term_string}\"},\"query-input\":{\"@type\":\"PropertyValueSpecification\",\"valueRequired\":true,\"valueName\":\"search_term_string\"}}],\"inLanguage\":\"fr-FR\"}]}<\/script>\n<!-- \/ Yoast SEO plugin. -->","yoast_head_json":{"title":"Valeria Diaz - Karate Canada","robots":{"index":"index","follow":"follow","max-snippet":"max-snippet:-1","max-image-preview":"max-image-preview:large","max-video-preview":"max-video-preview:-1"},"canonical":"https:\/\/karatecanada.org\/fr\/valeria-diaz\/","og_locale":"fr_FR","og_type":"article","og_title":"Valeria Diaz - Karate Canada","og_description":"Plus sur Valeria Cat\u00e9gorie : Kumit\u00e9 f\u00e9minin +68kg","og_url":"https:\/\/karatecanada.org\/fr\/valeria-diaz\/","og_site_name":"Karate Canada","article_modified_time":"2022-05-09T15:10:14+00:00","og_image":[{"width":580,"height":580,"url":"https:\/\/karatecanada.org\/wp-content\/uploads\/2022\/05\/Valeria-Diaz.png","type":"image\/png"}],"twitter_card":"summary_large_image","schema":{"@context":"https:\/\/schema.org","@graph":[{"@type":"WebPage","@id":"https:\/\/karatecanada.org\/fr\/valeria-diaz\/","url":"https:\/\/karatecanada.org\/fr\/valeria-diaz\/","name":"Valeria Diaz - Karate Canada","isPartOf":{"@id":"https:\/\/karatecanada.org\/fr\/#website"},"primaryImageOfPage":{"@id":"https:\/\/karatecanada.org\/fr\/valeria-diaz\/#primaryimage"},"image":{"@id":"https:\/\/karatecanada.org\/fr\/valeria-diaz\/#primaryimage"},"thumbnailUrl":"https:\/\/karatecanada.org\/wp-content\/uploads\/2022\/05\/Valeria-Diaz.png","datePublished":"2021-11-05T21:49:19+00:00","dateModified":"2022-05-09T15:10:14+00:00","breadcrumb":{"@id":"https:\/\/karatecanada.org\/fr\/valeria-diaz\/#breadcrumb"},"inLanguage":"fr-FR","potentialAction":[{"@type":"ReadAction","target":["https:\/\/karatecanada.org\/fr\/valeria-diaz\/"]}]},{"@type":"ImageObject","inLanguage":"fr-FR","@id":"https:\/\/karatecanada.org\/fr\/valeria-diaz\/#primaryimage","url":"https:\/\/karatecanada.org\/wp-content\/uploads\/2022\/05\/Valeria-Diaz.png","contentUrl":"https:\/\/karatecanada.org\/wp-content\/uploads\/2022\/05\/Valeria-Diaz.png","width":580,"height":580},{"@type":"BreadcrumbList","@id":"https:\/\/karatecanada.org\/fr\/valeria-diaz\/#breadcrumb","itemListElement":[{"@type":"ListItem","position":1,"name":"Home","item":"https:\/\/karatecanada.org\/fr\/"},{"@type":"ListItem","position":2,"name":"Valeria Diaz"}]},{"@type":"WebSite","@id":"https:\/\/karatecanada.org\/fr\/#website","url":"https:\/\/karatecanada.org\/fr\/","name":"Karate Canada","description":"Just another WordPress site","potentialAction":[{"@type":"SearchAction","target":{"@type":"EntryPoint","urlTemplate":"https:\/\/karatecanada.org\/fr\/?s={search_term_string}"},"query-input":{"@type":"PropertyValueSpecification","valueRequired":true,"valueName":"search_term_string"}}],"inLanguage":"fr-FR"}]}},"featured_image_src":"https:\/\/karatecanada.org\/wp-content\/uploads\/2022\/05\/Valeria-Diaz.png","category":"\u00e9quipe-senior","non_clickable":false,"_links":{"self":[{"href":"https:\/\/karatecanada.org\/fr\/wp-json\/wp\/v2\/athletes\/13077","targetHints":{"allow":["GET"]}}],"collection":[{"href":"https:\/\/karatecanada.org\/fr\/wp-json\/wp\/v2\/athletes"}],"about":[{"href":"https:\/\/karatecanada.org\/fr\/wp-json\/wp\/v2\/types\/athletes"}],"author":[{"embeddable":true,"href":"https:\/\/karatecanada.org\/fr\/wp-json\/wp\/v2\/users\/20"}],"wp:featuredmedia":[{"embeddable":true,"href":"https:\/\/karatecanada.org\/fr\/wp-json\/wp\/v2\/media\/13388"}],"wp:attachment":[{"href":"https:\/\/karatecanada.org\/fr\/wp-json\/wp\/v2\/media?parent=13077"}],"wp:term":[{"taxonomy":"athletes-category","embeddable":true,"href":"https:\/\/karatecanada.org\/fr\/wp-json\/wp\/v2\/athletes-category?post=13077"},{"taxonomy":"athletes-tags","embeddable":true,"href":"https:\/\/karatecanada.org\/fr\/wp-json\/wp\/v2\/athletes-tags?post=13077"}],"curies":[{"name":"wp","href":"https:\/\/api.w.org\/{rel}","templated":true}]}}

<h6>Plus sur Valeria</h6>
<p><strong>Catégorie :</strong> Kumité féminin +68kg</p>

<p>Plus sur Valeria Catégorie : Kumité féminin +68kg</p>

<!-- This site is optimized with the Yoast SEO plugin v27.3 - https://yoast.com/product/yoast-seo-wordpress/ -->
<title>Valeria Diaz - Karate Canada</title>
<meta name="robots" content="index, follow, max-snippet:-1, max-image-preview:large, max-video-preview:-1" />
<link rel="canonical" href="https://karatecanada.org/fr/valeria-diaz/" />
<meta property="og:locale" content="fr_FR" />
<meta property="og:type" content="article" />
<meta property="og:title" content="Valeria Diaz - Karate Canada" />
<meta property="og:description" content="Plus sur Valeria Catégorie : Kumité féminin +68kg" />
<meta property="og:url" content="https://karatecanada.org/fr/valeria-diaz/" />
<meta property="og:site_name" content="Karate Canada" />
<meta property="article:modified_time" content="2022-05-09T15:10:14+00:00" />
<meta property="og:image" content="https://karatecanada.org/wp-content/uploads/2022/05/Valeria-Diaz.png" />
	<meta property="og:image:width" content="580" />
	<meta property="og:image:height" content="580" />
	<meta property="og:image:type" content="image/png" />
<meta name="twitter:card" content="summary_large_image" />
<script type="application/ld+json" class="yoast-schema-graph">{"@context":"https:\/\/schema.org","@graph":[{"@type":"WebPage","@id":"https:\/\/karatecanada.org\/fr\/valeria-diaz\/","url":"https:\/\/karatecanada.org\/fr\/valeria-diaz\/","name":"Valeria Diaz - Karate Canada","isPartOf":{"@id":"https:\/\/karatecanada.org\/fr\/#website"},"primaryImageOfPage":{"@id":"https:\/\/karatecanada.org\/fr\/valeria-diaz\/#primaryimage"},"image":{"@id":"https:\/\/karatecanada.org\/fr\/valeria-diaz\/#primaryimage"},"thumbnailUrl":"https:\/\/karatecanada.org\/wp-content\/uploads\/2022\/05\/Valeria-Diaz.png","datePublished":"2021-11-05T21:49:19+00:00","dateModified":"2022-05-09T15:10:14+00:00","breadcrumb":{"@id":"https:\/\/karatecanada.org\/fr\/valeria-diaz\/#breadcrumb"},"inLanguage":"fr-FR","potentialAction":[{"@type":"ReadAction","target":["https:\/\/karatecanada.org\/fr\/valeria-diaz\/"]}]},{"@type":"ImageObject","inLanguage":"fr-FR","@id":"https:\/\/karatecanada.org\/fr\/valeria-diaz\/#primaryimage","url":"https:\/\/karatecanada.org\/wp-content\/uploads\/2022\/05\/Valeria-Diaz.png","contentUrl":"https:\/\/karatecanada.org\/wp-content\/uploads\/2022\/05\/Valeria-Diaz.png","width":580,"height":580},{"@type":"BreadcrumbList","@id":"https:\/\/karatecanada.org\/fr\/valeria-diaz\/#breadcrumb","itemListElement":[{"@type":"ListItem","position":1,"name":"Home","item":"https:\/\/karatecanada.org\/fr\/"},{"@type":"ListItem","position":2,"name":"Valeria Diaz"}]},{"@type":"WebSite","@id":"https:\/\/karatecanada.org\/fr\/#website","url":"https:\/\/karatecanada.org\/fr\/","name":"Karate Canada","description":"Just another WordPress site","potentialAction":[{"@type":"SearchAction","target":{"@type":"EntryPoint","urlTemplate":"https:\/\/karatecanada.org\/fr\/?s={search_term_string}"},"query-input":{"@type":"PropertyValueSpecification","valueRequired":true,"valueName":"search_term_string"}}],"inLanguage":"fr-FR"}]}</script>
<!-- / Yoast SEO plugin. -->

Plus sur Valeria Catégorie : Kumité féminin +68kg

équipe-senior
