{"id":13816,"date":"2023-01-09T11:25:19","date_gmt":"2023-01-09T16:25:19","guid":{"rendered":"https:\/\/karatecanada.org\/?post_type=events&#038;p=13816"},"modified":"2023-01-09T11:25:19","modified_gmt":"2023-01-09T16:25:19","slug":"championnat-panamerican-cadet-junior-u21-pkf-2023","status":"publish","type":"events","link":"https:\/\/karatecanada.org\/fr\/events\/championnat-panamerican-cadet-junior-u21-pkf-2023\/","title":{"rendered":"Championnat panam\u00e9rican cadet, junior &#038; u21  PKF 2023"},"excerpt":{"rendered":"<p>Information g\u00e9n\u00e9rale 25-27 ao\u00fbt 2023 Santiago, Chili Sportdata: lien Bulletin: \u00e0 venir \u00c9ligibilit\u00e9 et soutien Karat\u00e9 Canada peut enregistrer jusqu&rsquo;\u00e0 2 athl\u00e8tes par cat\u00e9gorie selon le crit\u00e8re de s\u00e9lection de l&rsquo;\u00e9quipe nationale. Karat\u00e9 Canada enverra du personnel de soutien. &nbsp;<\/p>\n","protected":false},"author":20,"featured_media":5858,"parent":0,"template":"","event-types":[154],"class_list":["post-13816","events","type-events","status-publish","has-post-thumbnail","hentry","event-types-championnat-junior-fpk"],"acf":[],"yoast_head":"<!-- This site is optimized with the Yoast SEO plugin v27.3 - https:\/\/yoast.com\/product\/yoast-seo-wordpress\/ -->\n<title>Championnat panam\u00e9rican cadet, junior &amp; u21 PKF 2023 - Karate Canada<\/title>\n<meta name=\"robots\" content=\"index, follow, max-snippet:-1, max-image-preview:large, max-video-preview:-1\" \/>\n<link rel=\"canonical\" href=\"https:\/\/karatecanada.org\/fr\/events\/championnat-panamerican-cadet-junior-u21-pkf-2023\/\" \/>\n<meta property=\"og:locale\" content=\"fr_FR\" \/>\n<meta property=\"og:type\" content=\"article\" \/>\n<meta property=\"og:title\" content=\"Championnat panam\u00e9rican cadet, junior &amp; u21 PKF 2023 - Karate Canada\" \/>\n<meta property=\"og:description\" content=\"Information g\u00e9n\u00e9rale 25-27 ao\u00fbt 2023 Santiago, Chili Sportdata: lien Bulletin: \u00e0 venir \u00c9ligibilit\u00e9 et soutien Karat\u00e9 Canada peut enregistrer jusqu&rsquo;\u00e0 2 athl\u00e8tes par cat\u00e9gorie selon le crit\u00e8re de s\u00e9lection de l&rsquo;\u00e9quipe nationale. Karat\u00e9 Canada enverra du personnel de soutien. &nbsp;\" \/>\n<meta property=\"og:url\" content=\"https:\/\/karatecanada.org\/fr\/events\/championnat-panamerican-cadet-junior-u21-pkf-2023\/\" \/>\n<meta property=\"og:site_name\" content=\"Karate Canada\" \/>\n<meta property=\"og:image\" content=\"https:\/\/karatecanada.org\/wp-content\/uploads\/2018\/05\/hero1-1800x600-2ndclick3-red.jpg\" \/>\n\t<meta property=\"og:image:width\" content=\"1800\" \/>\n\t<meta property=\"og:image:height\" content=\"591\" \/>\n\t<meta property=\"og:image:type\" content=\"image\/jpeg\" \/>\n<meta name=\"twitter:card\" content=\"summary_large_image\" \/>\n<script type=\"application\/ld+json\" class=\"yoast-schema-graph\">{\"@context\":\"https:\\\/\\\/schema.org\",\"@graph\":[{\"@type\":\"WebPage\",\"@id\":\"https:\\\/\\\/karatecanada.org\\\/fr\\\/events\\\/championnat-panamerican-cadet-junior-u21-pkf-2023\\\/\",\"url\":\"https:\\\/\\\/karatecanada.org\\\/fr\\\/events\\\/championnat-panamerican-cadet-junior-u21-pkf-2023\\\/\",\"name\":\"Championnat panam\u00e9rican cadet, junior & u21 PKF 2023 - Karate Canada\",\"isPartOf\":{\"@id\":\"https:\\\/\\\/karatecanada.org\\\/fr\\\/#website\"},\"primaryImageOfPage\":{\"@id\":\"https:\\\/\\\/karatecanada.org\\\/fr\\\/events\\\/championnat-panamerican-cadet-junior-u21-pkf-2023\\\/#primaryimage\"},\"image\":{\"@id\":\"https:\\\/\\\/karatecanada.org\\\/fr\\\/events\\\/championnat-panamerican-cadet-junior-u21-pkf-2023\\\/#primaryimage\"},\"thumbnailUrl\":\"https:\\\/\\\/karatecanada.org\\\/wp-content\\\/uploads\\\/2018\\\/05\\\/hero1-1800x600-2ndclick3-red.jpg\",\"datePublished\":\"2023-01-09T16:25:19+00:00\",\"breadcrumb\":{\"@id\":\"https:\\\/\\\/karatecanada.org\\\/fr\\\/events\\\/championnat-panamerican-cadet-junior-u21-pkf-2023\\\/#breadcrumb\"},\"inLanguage\":\"fr-FR\",\"potentialAction\":[{\"@type\":\"ReadAction\",\"target\":[\"https:\\\/\\\/karatecanada.org\\\/fr\\\/events\\\/championnat-panamerican-cadet-junior-u21-pkf-2023\\\/\"]}]},{\"@type\":\"ImageObject\",\"inLanguage\":\"fr-FR\",\"@id\":\"https:\\\/\\\/karatecanada.org\\\/fr\\\/events\\\/championnat-panamerican-cadet-junior-u21-pkf-2023\\\/#primaryimage\",\"url\":\"https:\\\/\\\/karatecanada.org\\\/wp-content\\\/uploads\\\/2018\\\/05\\\/hero1-1800x600-2ndclick3-red.jpg\",\"contentUrl\":\"https:\\\/\\\/karatecanada.org\\\/wp-content\\\/uploads\\\/2018\\\/05\\\/hero1-1800x600-2ndclick3-red.jpg\",\"width\":1800,\"height\":591},{\"@type\":\"BreadcrumbList\",\"@id\":\"https:\\\/\\\/karatecanada.org\\\/fr\\\/events\\\/championnat-panamerican-cadet-junior-u21-pkf-2023\\\/#breadcrumb\",\"itemListElement\":[{\"@type\":\"ListItem\",\"position\":1,\"name\":\"Home\",\"item\":\"https:\\\/\\\/karatecanada.org\\\/fr\\\/\"},{\"@type\":\"ListItem\",\"position\":2,\"name\":\"Championnat panam\u00e9rican cadet, junior &#038; u21 PKF 2023\"}]},{\"@type\":\"WebSite\",\"@id\":\"https:\\\/\\\/karatecanada.org\\\/fr\\\/#website\",\"url\":\"https:\\\/\\\/karatecanada.org\\\/fr\\\/\",\"name\":\"Karate Canada\",\"description\":\"Just another WordPress site\",\"potentialAction\":[{\"@type\":\"SearchAction\",\"target\":{\"@type\":\"EntryPoint\",\"urlTemplate\":\"https:\\\/\\\/karatecanada.org\\\/fr\\\/?s={search_term_string}\"},\"query-input\":{\"@type\":\"PropertyValueSpecification\",\"valueRequired\":true,\"valueName\":\"search_term_string\"}}],\"inLanguage\":\"fr-FR\"}]}<\/script>\n<!-- \/ Yoast SEO plugin. -->","yoast_head_json":{"title":"Championnat panam\u00e9rican cadet, junior & u21 PKF 2023 - Karate Canada","robots":{"index":"index","follow":"follow","max-snippet":"max-snippet:-1","max-image-preview":"max-image-preview:large","max-video-preview":"max-video-preview:-1"},"canonical":"https:\/\/karatecanada.org\/fr\/events\/championnat-panamerican-cadet-junior-u21-pkf-2023\/","og_locale":"fr_FR","og_type":"article","og_title":"Championnat panam\u00e9rican cadet, junior & u21 PKF 2023 - Karate Canada","og_description":"Information g\u00e9n\u00e9rale 25-27 ao\u00fbt 2023 Santiago, Chili Sportdata: lien Bulletin: \u00e0 venir \u00c9ligibilit\u00e9 et soutien Karat\u00e9 Canada peut enregistrer jusqu&rsquo;\u00e0 2 athl\u00e8tes par cat\u00e9gorie selon le crit\u00e8re de s\u00e9lection de l&rsquo;\u00e9quipe nationale. Karat\u00e9 Canada enverra du personnel de soutien. &nbsp;","og_url":"https:\/\/karatecanada.org\/fr\/events\/championnat-panamerican-cadet-junior-u21-pkf-2023\/","og_site_name":"Karate Canada","og_image":[{"width":1800,"height":591,"url":"https:\/\/karatecanada.org\/wp-content\/uploads\/2018\/05\/hero1-1800x600-2ndclick3-red.jpg","type":"image\/jpeg"}],"twitter_card":"summary_large_image","schema":{"@context":"https:\/\/schema.org","@graph":[{"@type":"WebPage","@id":"https:\/\/karatecanada.org\/fr\/events\/championnat-panamerican-cadet-junior-u21-pkf-2023\/","url":"https:\/\/karatecanada.org\/fr\/events\/championnat-panamerican-cadet-junior-u21-pkf-2023\/","name":"Championnat panam\u00e9rican cadet, junior & u21 PKF 2023 - Karate Canada","isPartOf":{"@id":"https:\/\/karatecanada.org\/fr\/#website"},"primaryImageOfPage":{"@id":"https:\/\/karatecanada.org\/fr\/events\/championnat-panamerican-cadet-junior-u21-pkf-2023\/#primaryimage"},"image":{"@id":"https:\/\/karatecanada.org\/fr\/events\/championnat-panamerican-cadet-junior-u21-pkf-2023\/#primaryimage"},"thumbnailUrl":"https:\/\/karatecanada.org\/wp-content\/uploads\/2018\/05\/hero1-1800x600-2ndclick3-red.jpg","datePublished":"2023-01-09T16:25:19+00:00","breadcrumb":{"@id":"https:\/\/karatecanada.org\/fr\/events\/championnat-panamerican-cadet-junior-u21-pkf-2023\/#breadcrumb"},"inLanguage":"fr-FR","potentialAction":[{"@type":"ReadAction","target":["https:\/\/karatecanada.org\/fr\/events\/championnat-panamerican-cadet-junior-u21-pkf-2023\/"]}]},{"@type":"ImageObject","inLanguage":"fr-FR","@id":"https:\/\/karatecanada.org\/fr\/events\/championnat-panamerican-cadet-junior-u21-pkf-2023\/#primaryimage","url":"https:\/\/karatecanada.org\/wp-content\/uploads\/2018\/05\/hero1-1800x600-2ndclick3-red.jpg","contentUrl":"https:\/\/karatecanada.org\/wp-content\/uploads\/2018\/05\/hero1-1800x600-2ndclick3-red.jpg","width":1800,"height":591},{"@type":"BreadcrumbList","@id":"https:\/\/karatecanada.org\/fr\/events\/championnat-panamerican-cadet-junior-u21-pkf-2023\/#breadcrumb","itemListElement":[{"@type":"ListItem","position":1,"name":"Home","item":"https:\/\/karatecanada.org\/fr\/"},{"@type":"ListItem","position":2,"name":"Championnat panam\u00e9rican cadet, junior &#038; u21 PKF 2023"}]},{"@type":"WebSite","@id":"https:\/\/karatecanada.org\/fr\/#website","url":"https:\/\/karatecanada.org\/fr\/","name":"Karate Canada","description":"Just another WordPress site","potentialAction":[{"@type":"SearchAction","target":{"@type":"EntryPoint","urlTemplate":"https:\/\/karatecanada.org\/fr\/?s={search_term_string}"},"query-input":{"@type":"PropertyValueSpecification","valueRequired":true,"valueName":"search_term_string"}}],"inLanguage":"fr-FR"}]}},"featured_image_src":"https:\/\/karatecanada.org\/wp-content\/uploads\/2018\/05\/hero1-1800x600-2ndclick3-red-768x252.jpg","start_date":"ao\u00fbt 25-27, 2023","start_year":"2023","start_month":"08","end_year":"2023","end_month":"08","_links":{"self":[{"href":"https:\/\/karatecanada.org\/fr\/wp-json\/wp\/v2\/events\/13816","targetHints":{"allow":["GET"]}}],"collection":[{"href":"https:\/\/karatecanada.org\/fr\/wp-json\/wp\/v2\/events"}],"about":[{"href":"https:\/\/karatecanada.org\/fr\/wp-json\/wp\/v2\/types\/events"}],"author":[{"embeddable":true,"href":"https:\/\/karatecanada.org\/fr\/wp-json\/wp\/v2\/users\/20"}],"wp:featuredmedia":[{"embeddable":true,"href":"https:\/\/karatecanada.org\/fr\/wp-json\/wp\/v2\/media\/5858"}],"wp:attachment":[{"href":"https:\/\/karatecanada.org\/fr\/wp-json\/wp\/v2\/media?parent=13816"}],"wp:term":[{"taxonomy":"event-types","embeddable":true,"href":"https:\/\/karatecanada.org\/fr\/wp-json\/wp\/v2\/event-types?post=13816"}],"curies":[{"name":"wp","href":"https:\/\/api.w.org\/{rel}","templated":true}]}}

Championnat panamérican cadet, junior &#038; u21  PKF 2023

<p>Information générale 25-27 août 2023 Santiago, Chili Sportdata: lien Bulletin: à venir Éligibilité et soutien Karaté Canada peut enregistrer jusqu&rsquo;à 2 athlètes par catégorie selon le critère de sélection de l&rsquo;équipe nationale. Karaté Canada enverra du personnel de soutien. &nbsp;</p>

<!-- This site is optimized with the Yoast SEO plugin v27.3 - https://yoast.com/product/yoast-seo-wordpress/ -->
<title>Championnat panamérican cadet, junior &amp; u21 PKF 2023 - Karate Canada</title>
<meta name="robots" content="index, follow, max-snippet:-1, max-image-preview:large, max-video-preview:-1" />
<link rel="canonical" href="https://karatecanada.org/fr/events/championnat-panamerican-cadet-junior-u21-pkf-2023/" />
<meta property="og:locale" content="fr_FR" />
<meta property="og:type" content="article" />
<meta property="og:title" content="Championnat panamérican cadet, junior &amp; u21 PKF 2023 - Karate Canada" />
<meta property="og:description" content="Information générale 25-27 août 2023 Santiago, Chili Sportdata: lien Bulletin: à venir Éligibilité et soutien Karaté Canada peut enregistrer jusqu&rsquo;à 2 athlètes par catégorie selon le critère de sélection de l&rsquo;équipe nationale. Karaté Canada enverra du personnel de soutien. &nbsp;" />
<meta property="og:url" content="https://karatecanada.org/fr/events/championnat-panamerican-cadet-junior-u21-pkf-2023/" />
<meta property="og:site_name" content="Karate Canada" />
<meta property="og:image" content="https://karatecanada.org/wp-content/uploads/2018/05/hero1-1800x600-2ndclick3-red.jpg" />
	<meta property="og:image:width" content="1800" />
	<meta property="og:image:height" content="591" />
	<meta property="og:image:type" content="image/jpeg" />
<meta name="twitter:card" content="summary_large_image" />
<script type="application/ld+json" class="yoast-schema-graph">{"@context":"https:\/\/schema.org","@graph":[{"@type":"WebPage","@id":"https:\/\/karatecanada.org\/fr\/events\/championnat-panamerican-cadet-junior-u21-pkf-2023\/","url":"https:\/\/karatecanada.org\/fr\/events\/championnat-panamerican-cadet-junior-u21-pkf-2023\/","name":"Championnat panamérican cadet, junior & u21 PKF 2023 - Karate Canada","isPartOf":{"@id":"https:\/\/karatecanada.org\/fr\/#website"},"primaryImageOfPage":{"@id":"https:\/\/karatecanada.org\/fr\/events\/championnat-panamerican-cadet-junior-u21-pkf-2023\/#primaryimage"},"image":{"@id":"https:\/\/karatecanada.org\/fr\/events\/championnat-panamerican-cadet-junior-u21-pkf-2023\/#primaryimage"},"thumbnailUrl":"https:\/\/karatecanada.org\/wp-content\/uploads\/2018\/05\/hero1-1800x600-2ndclick3-red.jpg","datePublished":"2023-01-09T16:25:19+00:00","breadcrumb":{"@id":"https:\/\/karatecanada.org\/fr\/events\/championnat-panamerican-cadet-junior-u21-pkf-2023\/#breadcrumb"},"inLanguage":"fr-FR","potentialAction":[{"@type":"ReadAction","target":["https:\/\/karatecanada.org\/fr\/events\/championnat-panamerican-cadet-junior-u21-pkf-2023\/"]}]},{"@type":"ImageObject","inLanguage":"fr-FR","@id":"https:\/\/karatecanada.org\/fr\/events\/championnat-panamerican-cadet-junior-u21-pkf-2023\/#primaryimage","url":"https:\/\/karatecanada.org\/wp-content\/uploads\/2018\/05\/hero1-1800x600-2ndclick3-red.jpg","contentUrl":"https:\/\/karatecanada.org\/wp-content\/uploads\/2018\/05\/hero1-1800x600-2ndclick3-red.jpg","width":1800,"height":591},{"@type":"BreadcrumbList","@id":"https:\/\/karatecanada.org\/fr\/events\/championnat-panamerican-cadet-junior-u21-pkf-2023\/#breadcrumb","itemListElement":[{"@type":"ListItem","position":1,"name":"Home","item":"https:\/\/karatecanada.org\/fr\/"},{"@type":"ListItem","position":2,"name":"Championnat panamérican cadet, junior &#038; u21 PKF 2023"}]},{"@type":"WebSite","@id":"https:\/\/karatecanada.org\/fr\/#website","url":"https:\/\/karatecanada.org\/fr\/","name":"Karate Canada","description":"Just another WordPress site","potentialAction":[{"@type":"SearchAction","target":{"@type":"EntryPoint","urlTemplate":"https:\/\/karatecanada.org\/fr\/?s={search_term_string}"},"query-input":{"@type":"PropertyValueSpecification","valueRequired":true,"valueName":"search_term_string"}}],"inLanguage":"fr-FR"}]}</script>
<!-- / Yoast SEO plugin. -->

Championnat panamérican cadet, junior & u21 PKF 2023 - Karate Canada

Information générale 25-27 août 2023 Santiago, Chili Sportdata: lien Bulletin: à venir Éligibilité et soutien Karaté Canada peut enregistrer jusqu&rsquo;à 2 athlètes par catégorie selon le critère de sélection de l&rsquo;équipe nationale. Karaté Canada enverra du personnel de soutien. &nbsp;

Championnat panamérican cadet, junior &#038; u21 PKF 2023

août 25-27, 2023
