{"id":5633,"date":"2018-05-04T10:46:33","date_gmt":"2018-05-04T10:46:33","guid":{"rendered":"http:\/\/karatecanada.org\/personnel-et-benevoles\/"},"modified":"2025-06-17T14:00:43","modified_gmt":"2025-06-17T18:00:43","slug":"personnel-et-benevoles","status":"publish","type":"page","link":"https:\/\/karatecanada.org\/fr\/personnel-et-benevoles\/","title":{"rendered":"Personnel et B\u00e9n\u00e9voles"},"content":{"rendered":"<div class=\"am2-content\" style=\"\">\n\n\t    <div class=\"wrapper\">\n        <div class=\"container\">\n    \n    \t\t<p>Karat\u00e9 Canada travaille avec une \u00e9quipe d\u00e9centralis\u00e9e d&#8217;employ\u00e9s, appuy\u00e9s par des consultants et des collaborateurs contractuels, ainsi que par un grand nombre de b\u00e9n\u00e9voles d\u00e9vou\u00e9s.<\/p>\n<h6><img loading=\"lazy\" decoding=\"async\" class=\"alignleft wp-image-13430\" src=\"https:\/\/karatecanada.org\/wp-content\/uploads\/2022\/05\/image002-e1652730021846-300x300.png\" alt=\"\" width=\"100\" height=\"100\" srcset=\"https:\/\/karatecanada.org\/wp-content\/uploads\/2022\/05\/image002-e1652730021846-300x300.png 300w, https:\/\/karatecanada.org\/wp-content\/uploads\/2022\/05\/image002-e1652730021846-150x150.png 150w, https:\/\/karatecanada.org\/wp-content\/uploads\/2022\/05\/image002-e1652730021846.png 545w\" sizes=\"auto, (max-width: 100px) 100vw, 100px\" \/><\/h6>\n<h6>Directeur ex\u00e9cutif<\/h6>\n<p><strong>Chris Bright<\/strong><br \/>\n<a title=\"mailto:robin.witty@karatecanada.org\" href=\"mailto:ed@karatecanada.org\">ed@karatecanada.org<\/a><\/p>\n<p>&nbsp;<\/p>\n<p><img loading=\"lazy\" decoding=\"async\" class=\"wp-image-13064 alignleft\" src=\"https:\/\/karatecanada.org\/wp-content\/uploads\/2021\/11\/Rodney_Hobson_Headshot-300x300.png\" alt=\"\" width=\"100\" height=\"100\" srcset=\"https:\/\/karatecanada.org\/wp-content\/uploads\/2021\/11\/Rodney_Hobson_Headshot-300x300.png 300w, https:\/\/karatecanada.org\/wp-content\/uploads\/2021\/11\/Rodney_Hobson_Headshot-150x150.png 150w, https:\/\/karatecanada.org\/wp-content\/uploads\/2021\/11\/Rodney_Hobson_Headshot.png 450w\" sizes=\"auto, (max-width: 100px) 100vw, 100px\" \/><\/p>\n<h6>Responsable technique du sport :<\/h6>\n<p><strong>Rodney Hobson<\/strong><br \/>\n<a href=\"mailto:rodney.hobson@karatecanada.org\">rodney.hobson@karatecanada.org<\/a><\/p>\n<p>&nbsp;<\/p>\n<p><img loading=\"lazy\" decoding=\"async\" class=\"alignleft wp-image-13039\" src=\"https:\/\/karatecanada.org\/wp-content\/uploads\/2021\/10\/Gillian_Benson_headshot-scaled-e1634927814538-300x300.jpeg\" alt=\"\" width=\"100\" height=\"100\" srcset=\"https:\/\/karatecanada.org\/wp-content\/uploads\/2021\/10\/Gillian_Benson_headshot-scaled-e1634927814538-300x300.jpeg 300w, https:\/\/karatecanada.org\/wp-content\/uploads\/2021\/10\/Gillian_Benson_headshot-scaled-e1634927814538-1024x1024.jpeg 1024w, https:\/\/karatecanada.org\/wp-content\/uploads\/2021\/10\/Gillian_Benson_headshot-scaled-e1634927814538-150x150.jpeg 150w, https:\/\/karatecanada.org\/wp-content\/uploads\/2021\/10\/Gillian_Benson_headshot-scaled-e1634927814538-768x768.jpeg 768w, https:\/\/karatecanada.org\/wp-content\/uploads\/2021\/10\/Gillian_Benson_headshot-scaled-e1634927814538-1536x1536.jpeg 1536w, https:\/\/karatecanada.org\/wp-content\/uploads\/2021\/10\/Gillian_Benson_headshot-scaled-e1634927814538-640x640.jpeg 640w, https:\/\/karatecanada.org\/wp-content\/uploads\/2021\/10\/Gillian_Benson_headshot-scaled-e1634927814538.jpeg 2022w\" sizes=\"auto, (max-width: 100px) 100vw, 100px\" \/><\/p>\n<h6>Logistique et \u00e9quit\u00e9 des genres :<\/h6>\n<p><strong>Gillian Benson<\/strong><br \/>\n<a href=\"mailto:gillian.benson@karatecanada.org\">gillian.benson@karatecanada.org<\/a><\/p>\n<p>&nbsp;<\/p>\n<p><img loading=\"lazy\" decoding=\"async\" class=\"alignleft wp-image-15059\" src=\"https:\/\/karatecanada.org\/wp-content\/uploads\/2025\/05\/Colleen_headshot_ICF-1-270x300.jpg\" alt=\"\" width=\"100\" height=\"111\" srcset=\"https:\/\/karatecanada.org\/wp-content\/uploads\/2025\/05\/Colleen_headshot_ICF-1-270x300.jpg 270w, https:\/\/karatecanada.org\/wp-content\/uploads\/2025\/05\/Colleen_headshot_ICF-1-921x1024.jpg 921w, https:\/\/karatecanada.org\/wp-content\/uploads\/2025\/05\/Colleen_headshot_ICF-1-768x854.jpg 768w, https:\/\/karatecanada.org\/wp-content\/uploads\/2025\/05\/Colleen_headshot_ICF-1-1382x1536.jpg 1382w, https:\/\/karatecanada.org\/wp-content\/uploads\/2025\/05\/Colleen_headshot_ICF-1.jpg 1460w\" sizes=\"auto, (max-width: 100px) 100vw, 100px\" \/><\/p>\n<h6>Responsable des communications :<\/h6>\n<p><strong>Colleen Coderre<\/strong><br \/>\n<a href=\"mailto:communications@karatecanada.org\">communications@karatecanada.org<\/a><\/p>\n<p>&nbsp;<\/p>\n<p><img loading=\"lazy\" decoding=\"async\" class=\"alignleft wp-image-12754\" src=\"https:\/\/karatecanada.org\/wp-content\/uploads\/2021\/05\/cheryl_tataryn-1-300x300.jpg\" alt=\"\" width=\"100\" height=\"100\" srcset=\"https:\/\/karatecanada.org\/wp-content\/uploads\/2021\/05\/cheryl_tataryn-1-300x300.jpg 300w, https:\/\/karatecanada.org\/wp-content\/uploads\/2021\/05\/cheryl_tataryn-1-150x150.jpg 150w, https:\/\/karatecanada.org\/wp-content\/uploads\/2021\/05\/cheryl_tataryn-1-640x640.jpg 640w, https:\/\/karatecanada.org\/wp-content\/uploads\/2021\/05\/cheryl_tataryn-1.jpg 766w\" sizes=\"auto, (max-width: 100px) 100vw, 100px\" \/><\/p>\n<h6>Gestionnaire d&rsquo;\u00e9v\u00e9nements :<\/h6>\n<p><strong>Cheryl Tataryn <\/strong><br \/>\n<a href=\"mailto:cheryl.tataryn@karatecanada.org\">cheryl.tataryn@karatecanada.org<\/a><\/p>\n<p>&nbsp;<\/p>\n<p><img loading=\"lazy\" decoding=\"async\" class=\"alignleft wp-image-12750\" src=\"https:\/\/karatecanada.org\/wp-content\/uploads\/2021\/05\/Pam-Ross_Headshots_WEBsize_0003_untitled-5657-300x300.jpg\" alt=\"\" width=\"100\" height=\"100\" srcset=\"https:\/\/karatecanada.org\/wp-content\/uploads\/2021\/05\/Pam-Ross_Headshots_WEBsize_0003_untitled-5657-300x300.jpg 300w, https:\/\/karatecanada.org\/wp-content\/uploads\/2021\/05\/Pam-Ross_Headshots_WEBsize_0003_untitled-5657-150x150.jpg 150w, https:\/\/karatecanada.org\/wp-content\/uploads\/2021\/05\/Pam-Ross_Headshots_WEBsize_0003_untitled-5657.jpg 583w\" sizes=\"auto, (max-width: 100px) 100vw, 100px\" \/><\/p>\n<h6>Chef de programme de l&rsquo;\u00e9quipe nationaux<\/h6>\n<p><strong>Pam Ross<\/strong><\/p>\n<h6><\/h6>\n<p>&nbsp;<\/p>\n<h6>Comptable:<\/h6>\n<p><strong>Ashley Welock<\/strong><\/p>\n\n\n\t        <\/div>\n    <\/div>\n    \n<\/div>","protected":false},"excerpt":{"rendered":"<p>Karat\u00e9 Canada travaille avec une \u00e9quipe d\u00e9centralis\u00e9e d&#8217;employ\u00e9s, appuy\u00e9s par des consultants et des collaborateurs contractuels, ainsi que par un grand nombre de b\u00e9n\u00e9voles d\u00e9vou\u00e9s. Directeur ex\u00e9cutif Chris Bright ed@karatecanada.org &nbsp; Responsable technique du sport : Rodney Hobson rodney.hobson@karatecanada.org &nbsp; Logistique et \u00e9quit\u00e9 des genres : Gillian Benson gillian.benson@karatecanada.org &nbsp; Responsable des communications : Colleen [&hellip;]<\/p>\n","protected":false},"author":1,"featured_media":0,"parent":0,"menu_order":0,"comment_status":"closed","ping_status":"closed","template":"page-about.php","meta":{"_acf_changed":false,"footnotes":""},"class_list":["post-5633","page","type-page","status-publish","hentry"],"acf":[],"yoast_head":"<!-- This site is optimized with the Yoast SEO plugin v27.3 - https:\/\/yoast.com\/product\/yoast-seo-wordpress\/ -->\n<title>Personnel et B\u00e9n\u00e9voles - Karate Canada<\/title>\n<meta name=\"description\" content=\"Rencontrez notre personnel et \u00e9quipe de b\u00e9n\u00e9voles d\u00e9vou\u00e9s\" \/>\n<meta name=\"robots\" content=\"index, follow, max-snippet:-1, max-image-preview:large, max-video-preview:-1\" \/>\n<link rel=\"canonical\" href=\"https:\/\/karatecanada.org\/fr\/personnel-et-benevoles\/\" \/>\n<meta property=\"og:locale\" content=\"fr_FR\" \/>\n<meta property=\"og:type\" content=\"article\" \/>\n<meta property=\"og:title\" content=\"Personnel et B\u00e9n\u00e9voles - Karate Canada\" \/>\n<meta property=\"og:description\" content=\"Rencontrez notre personnel et \u00e9quipe de b\u00e9n\u00e9voles d\u00e9vou\u00e9s\" \/>\n<meta property=\"og:url\" content=\"https:\/\/karatecanada.org\/fr\/personnel-et-benevoles\/\" \/>\n<meta property=\"og:site_name\" content=\"Karate Canada\" \/>\n<meta property=\"article:modified_time\" content=\"2025-06-17T18:00:43+00:00\" \/>\n<meta name=\"twitter:card\" content=\"summary_large_image\" \/>\n<script type=\"application\/ld+json\" class=\"yoast-schema-graph\">{\"@context\":\"https:\\\/\\\/schema.org\",\"@graph\":[{\"@type\":\"WebPage\",\"@id\":\"https:\\\/\\\/karatecanada.org\\\/fr\\\/personnel-et-benevoles\\\/\",\"url\":\"https:\\\/\\\/karatecanada.org\\\/fr\\\/personnel-et-benevoles\\\/\",\"name\":\"Personnel et B\u00e9n\u00e9voles - Karate Canada\",\"isPartOf\":{\"@id\":\"https:\\\/\\\/karatecanada.org\\\/fr\\\/#website\"},\"datePublished\":\"2018-05-04T10:46:33+00:00\",\"dateModified\":\"2025-06-17T18:00:43+00:00\",\"description\":\"Rencontrez notre personnel et \u00e9quipe de b\u00e9n\u00e9voles d\u00e9vou\u00e9s\",\"breadcrumb\":{\"@id\":\"https:\\\/\\\/karatecanada.org\\\/fr\\\/personnel-et-benevoles\\\/#breadcrumb\"},\"inLanguage\":\"fr-FR\",\"potentialAction\":[{\"@type\":\"ReadAction\",\"target\":[\"https:\\\/\\\/karatecanada.org\\\/fr\\\/personnel-et-benevoles\\\/\"]}]},{\"@type\":\"BreadcrumbList\",\"@id\":\"https:\\\/\\\/karatecanada.org\\\/fr\\\/personnel-et-benevoles\\\/#breadcrumb\",\"itemListElement\":[{\"@type\":\"ListItem\",\"position\":1,\"name\":\"Home\",\"item\":\"https:\\\/\\\/karatecanada.org\\\/fr\\\/\"},{\"@type\":\"ListItem\",\"position\":2,\"name\":\"Personnel et B\u00e9n\u00e9voles\"}]},{\"@type\":\"WebSite\",\"@id\":\"https:\\\/\\\/karatecanada.org\\\/fr\\\/#website\",\"url\":\"https:\\\/\\\/karatecanada.org\\\/fr\\\/\",\"name\":\"Karate Canada\",\"description\":\"Just another WordPress site\",\"potentialAction\":[{\"@type\":\"SearchAction\",\"target\":{\"@type\":\"EntryPoint\",\"urlTemplate\":\"https:\\\/\\\/karatecanada.org\\\/fr\\\/?s={search_term_string}\"},\"query-input\":{\"@type\":\"PropertyValueSpecification\",\"valueRequired\":true,\"valueName\":\"search_term_string\"}}],\"inLanguage\":\"fr-FR\"}]}<\/script>\n<!-- \/ Yoast SEO plugin. -->","yoast_head_json":{"title":"Personnel et B\u00e9n\u00e9voles - Karate Canada","description":"Rencontrez notre personnel et \u00e9quipe de b\u00e9n\u00e9voles d\u00e9vou\u00e9s","robots":{"index":"index","follow":"follow","max-snippet":"max-snippet:-1","max-image-preview":"max-image-preview:large","max-video-preview":"max-video-preview:-1"},"canonical":"https:\/\/karatecanada.org\/fr\/personnel-et-benevoles\/","og_locale":"fr_FR","og_type":"article","og_title":"Personnel et B\u00e9n\u00e9voles - Karate Canada","og_description":"Rencontrez notre personnel et \u00e9quipe de b\u00e9n\u00e9voles d\u00e9vou\u00e9s","og_url":"https:\/\/karatecanada.org\/fr\/personnel-et-benevoles\/","og_site_name":"Karate Canada","article_modified_time":"2025-06-17T18:00:43+00:00","twitter_card":"summary_large_image","schema":{"@context":"https:\/\/schema.org","@graph":[{"@type":"WebPage","@id":"https:\/\/karatecanada.org\/fr\/personnel-et-benevoles\/","url":"https:\/\/karatecanada.org\/fr\/personnel-et-benevoles\/","name":"Personnel et B\u00e9n\u00e9voles - Karate Canada","isPartOf":{"@id":"https:\/\/karatecanada.org\/fr\/#website"},"datePublished":"2018-05-04T10:46:33+00:00","dateModified":"2025-06-17T18:00:43+00:00","description":"Rencontrez notre personnel et \u00e9quipe de b\u00e9n\u00e9voles d\u00e9vou\u00e9s","breadcrumb":{"@id":"https:\/\/karatecanada.org\/fr\/personnel-et-benevoles\/#breadcrumb"},"inLanguage":"fr-FR","potentialAction":[{"@type":"ReadAction","target":["https:\/\/karatecanada.org\/fr\/personnel-et-benevoles\/"]}]},{"@type":"BreadcrumbList","@id":"https:\/\/karatecanada.org\/fr\/personnel-et-benevoles\/#breadcrumb","itemListElement":[{"@type":"ListItem","position":1,"name":"Home","item":"https:\/\/karatecanada.org\/fr\/"},{"@type":"ListItem","position":2,"name":"Personnel et B\u00e9n\u00e9voles"}]},{"@type":"WebSite","@id":"https:\/\/karatecanada.org\/fr\/#website","url":"https:\/\/karatecanada.org\/fr\/","name":"Karate Canada","description":"Just another WordPress site","potentialAction":[{"@type":"SearchAction","target":{"@type":"EntryPoint","urlTemplate":"https:\/\/karatecanada.org\/fr\/?s={search_term_string}"},"query-input":{"@type":"PropertyValueSpecification","valueRequired":true,"valueName":"search_term_string"}}],"inLanguage":"fr-FR"}]}},"_links":{"self":[{"href":"https:\/\/karatecanada.org\/fr\/wp-json\/wp\/v2\/pages\/5633","targetHints":{"allow":["GET"]}}],"collection":[{"href":"https:\/\/karatecanada.org\/fr\/wp-json\/wp\/v2\/pages"}],"about":[{"href":"https:\/\/karatecanada.org\/fr\/wp-json\/wp\/v2\/types\/page"}],"author":[{"embeddable":true,"href":"https:\/\/karatecanada.org\/fr\/wp-json\/wp\/v2\/users\/1"}],"replies":[{"embeddable":true,"href":"https:\/\/karatecanada.org\/fr\/wp-json\/wp\/v2\/comments?post=5633"}],"version-history":[{"count":0,"href":"https:\/\/karatecanada.org\/fr\/wp-json\/wp\/v2\/pages\/5633\/revisions"}],"wp:attachment":[{"href":"https:\/\/karatecanada.org\/fr\/wp-json\/wp\/v2\/media?parent=5633"}],"curies":[{"name":"wp","href":"https:\/\/api.w.org\/{rel}","templated":true}]}}

Personnel et Bénévoles

<div class="am2-content" style="">

	    <div class="wrapper">
        <div class="container">
    
    		<p>Karaté Canada travaille avec une équipe décentralisée d&#8217;employés, appuyés par des consultants et des collaborateurs contractuels, ainsi que par un grand nombre de bénévoles dévoués.</p>
<h6><img loading="lazy" decoding="async" class="alignleft wp-image-13430" src="https://karatecanada.org/wp-content/uploads/2022/05/image002-e1652730021846-300x300.png" alt="" width="100" height="100" srcset="https://karatecanada.org/wp-content/uploads/2022/05/image002-e1652730021846-300x300.png 300w, https://karatecanada.org/wp-content/uploads/2022/05/image002-e1652730021846-150x150.png 150w, https://karatecanada.org/wp-content/uploads/2022/05/image002-e1652730021846.png 545w" sizes="auto, (max-width: 100px) 100vw, 100px" /></h6>
<h6>Directeur exécutif</h6>
<p><strong>Chris Bright</strong><br />
<a title="mailto:robin.witty@karatecanada.org" href="mailto:ed@karatecanada.org">ed@karatecanada.org</a></p>
<p>&nbsp;</p>
<p><img loading="lazy" decoding="async" class="wp-image-13064 alignleft" src="https://karatecanada.org/wp-content/uploads/2021/11/Rodney_Hobson_Headshot-300x300.png" alt="" width="100" height="100" srcset="https://karatecanada.org/wp-content/uploads/2021/11/Rodney_Hobson_Headshot-300x300.png 300w, https://karatecanada.org/wp-content/uploads/2021/11/Rodney_Hobson_Headshot-150x150.png 150w, https://karatecanada.org/wp-content/uploads/2021/11/Rodney_Hobson_Headshot.png 450w" sizes="auto, (max-width: 100px) 100vw, 100px" /></p>
<h6>Responsable technique du sport :</h6>
<p><strong>Rodney Hobson</strong><br />
<a href="mailto:rodney.hobson@karatecanada.org">rodney.hobson@karatecanada.org</a></p>
<p>&nbsp;</p>
<p><img loading="lazy" decoding="async" class="alignleft wp-image-13039" src="https://karatecanada.org/wp-content/uploads/2021/10/Gillian_Benson_headshot-scaled-e1634927814538-300x300.jpeg" alt="" width="100" height="100" srcset="https://karatecanada.org/wp-content/uploads/2021/10/Gillian_Benson_headshot-scaled-e1634927814538-300x300.jpeg 300w, https://karatecanada.org/wp-content/uploads/2021/10/Gillian_Benson_headshot-scaled-e1634927814538-1024x1024.jpeg 1024w, https://karatecanada.org/wp-content/uploads/2021/10/Gillian_Benson_headshot-scaled-e1634927814538-150x150.jpeg 150w, https://karatecanada.org/wp-content/uploads/2021/10/Gillian_Benson_headshot-scaled-e1634927814538-768x768.jpeg 768w, https://karatecanada.org/wp-content/uploads/2021/10/Gillian_Benson_headshot-scaled-e1634927814538-1536x1536.jpeg 1536w, https://karatecanada.org/wp-content/uploads/2021/10/Gillian_Benson_headshot-scaled-e1634927814538-640x640.jpeg 640w, https://karatecanada.org/wp-content/uploads/2021/10/Gillian_Benson_headshot-scaled-e1634927814538.jpeg 2022w" sizes="auto, (max-width: 100px) 100vw, 100px" /></p>
<h6>Logistique et équité des genres :</h6>
<p><strong>Gillian Benson</strong><br />
<a href="mailto:gillian.benson@karatecanada.org">gillian.benson@karatecanada.org</a></p>
<p>&nbsp;</p>
<p><img loading="lazy" decoding="async" class="alignleft wp-image-15059" src="https://karatecanada.org/wp-content/uploads/2025/05/Colleen_headshot_ICF-1-270x300.jpg" alt="" width="100" height="111" srcset="https://karatecanada.org/wp-content/uploads/2025/05/Colleen_headshot_ICF-1-270x300.jpg 270w, https://karatecanada.org/wp-content/uploads/2025/05/Colleen_headshot_ICF-1-921x1024.jpg 921w, https://karatecanada.org/wp-content/uploads/2025/05/Colleen_headshot_ICF-1-768x854.jpg 768w, https://karatecanada.org/wp-content/uploads/2025/05/Colleen_headshot_ICF-1-1382x1536.jpg 1382w, https://karatecanada.org/wp-content/uploads/2025/05/Colleen_headshot_ICF-1.jpg 1460w" sizes="auto, (max-width: 100px) 100vw, 100px" /></p>
<h6>Responsable des communications :</h6>
<p><strong>Colleen Coderre</strong><br />
<a href="mailto:communications@karatecanada.org">communications@karatecanada.org</a></p>
<p>&nbsp;</p>
<p><img loading="lazy" decoding="async" class="alignleft wp-image-12754" src="https://karatecanada.org/wp-content/uploads/2021/05/cheryl_tataryn-1-300x300.jpg" alt="" width="100" height="100" srcset="https://karatecanada.org/wp-content/uploads/2021/05/cheryl_tataryn-1-300x300.jpg 300w, https://karatecanada.org/wp-content/uploads/2021/05/cheryl_tataryn-1-150x150.jpg 150w, https://karatecanada.org/wp-content/uploads/2021/05/cheryl_tataryn-1-640x640.jpg 640w, https://karatecanada.org/wp-content/uploads/2021/05/cheryl_tataryn-1.jpg 766w" sizes="auto, (max-width: 100px) 100vw, 100px" /></p>
<h6>Gestionnaire d&rsquo;événements :</h6>
<p><strong>Cheryl Tataryn </strong><br />
<a href="mailto:cheryl.tataryn@karatecanada.org">cheryl.tataryn@karatecanada.org</a></p>
<p>&nbsp;</p>
<p><img loading="lazy" decoding="async" class="alignleft wp-image-12750" src="https://karatecanada.org/wp-content/uploads/2021/05/Pam-Ross_Headshots_WEBsize_0003_untitled-5657-300x300.jpg" alt="" width="100" height="100" srcset="https://karatecanada.org/wp-content/uploads/2021/05/Pam-Ross_Headshots_WEBsize_0003_untitled-5657-300x300.jpg 300w, https://karatecanada.org/wp-content/uploads/2021/05/Pam-Ross_Headshots_WEBsize_0003_untitled-5657-150x150.jpg 150w, https://karatecanada.org/wp-content/uploads/2021/05/Pam-Ross_Headshots_WEBsize_0003_untitled-5657.jpg 583w" sizes="auto, (max-width: 100px) 100vw, 100px" /></p>
<h6>Chef de programme de l&rsquo;équipe nationaux</h6>
<p><strong>Pam Ross</strong></p>
<h6></h6>
<p>&nbsp;</p>
<h6>Comptable:</h6>
<p><strong>Ashley Welock</strong></p>


	        </div>
    </div>
    
</div>

<p>Karaté Canada travaille avec une équipe décentralisée d&#8217;employés, appuyés par des consultants et des collaborateurs contractuels, ainsi que par un grand nombre de bénévoles dévoués. Directeur exécutif Chris Bright ed@karatecanada.org &nbsp; Responsable technique du sport : Rodney Hobson rodney.hobson@karatecanada.org &nbsp; Logistique et équité des genres : Gillian Benson gillian.benson@karatecanada.org &nbsp; Responsable des communications : Colleen [&hellip;]</p>

<!-- This site is optimized with the Yoast SEO plugin v27.3 - https://yoast.com/product/yoast-seo-wordpress/ -->
<title>Personnel et Bénévoles - Karate Canada</title>
<meta name="description" content="Rencontrez notre personnel et équipe de bénévoles dévoués" />
<meta name="robots" content="index, follow, max-snippet:-1, max-image-preview:large, max-video-preview:-1" />
<link rel="canonical" href="https://karatecanada.org/fr/personnel-et-benevoles/" />
<meta property="og:locale" content="fr_FR" />
<meta property="og:type" content="article" />
<meta property="og:title" content="Personnel et Bénévoles - Karate Canada" />
<meta property="og:description" content="Rencontrez notre personnel et équipe de bénévoles dévoués" />
<meta property="og:url" content="https://karatecanada.org/fr/personnel-et-benevoles/" />
<meta property="og:site_name" content="Karate Canada" />
<meta property="article:modified_time" content="2025-06-17T18:00:43+00:00" />
<meta name="twitter:card" content="summary_large_image" />
<script type="application/ld+json" class="yoast-schema-graph">{"@context":"https:\/\/schema.org","@graph":[{"@type":"WebPage","@id":"https:\/\/karatecanada.org\/fr\/personnel-et-benevoles\/","url":"https:\/\/karatecanada.org\/fr\/personnel-et-benevoles\/","name":"Personnel et Bénévoles - Karate Canada","isPartOf":{"@id":"https:\/\/karatecanada.org\/fr\/#website"},"datePublished":"2018-05-04T10:46:33+00:00","dateModified":"2025-06-17T18:00:43+00:00","description":"Rencontrez notre personnel et équipe de bénévoles dévoués","breadcrumb":{"@id":"https:\/\/karatecanada.org\/fr\/personnel-et-benevoles\/#breadcrumb"},"inLanguage":"fr-FR","potentialAction":[{"@type":"ReadAction","target":["https:\/\/karatecanada.org\/fr\/personnel-et-benevoles\/"]}]},{"@type":"BreadcrumbList","@id":"https:\/\/karatecanada.org\/fr\/personnel-et-benevoles\/#breadcrumb","itemListElement":[{"@type":"ListItem","position":1,"name":"Home","item":"https:\/\/karatecanada.org\/fr\/"},{"@type":"ListItem","position":2,"name":"Personnel et Bénévoles"}]},{"@type":"WebSite","@id":"https:\/\/karatecanada.org\/fr\/#website","url":"https:\/\/karatecanada.org\/fr\/","name":"Karate Canada","description":"Just another WordPress site","potentialAction":[{"@type":"SearchAction","target":{"@type":"EntryPoint","urlTemplate":"https:\/\/karatecanada.org\/fr\/?s={search_term_string}"},"query-input":{"@type":"PropertyValueSpecification","valueRequired":true,"valueName":"search_term_string"}}],"inLanguage":"fr-FR"}]}</script>
<!-- / Yoast SEO plugin. -->

Personnel et Bénévoles - Karate Canada

Rencontrez notre personnel et équipe de bénévoles dévoués
